rs of c.
2
What are the prime factors of 5*5*(10 + -9)?
5
Let m = -11 + 31. What are the prime factors of m?
2, 5
Let b(u) = 8*u + 5*u + u - 15 - 16*u. Let v(q) = q**2 - q - 10. Let g be v(0). List the prime factors of b(g).
5
Suppose 4*m - 4*y = -y + 14, -2*m + 4*y = -12. Suppose -2*q = -4*q - 4. List the prime factors of 8/(q/m + 2).
2
Let r(d) = -2*d - 13. Let w be r(-9). Suppose 0 = 4*s - 6*s - 8, -u - w*s + 4 = 0. List the prime factors of u.
2, 3
Let r(s) = 39*s - 15. List the prime factors of r(2).
3, 7
Suppose 21 = -3*p + 105. What are the prime factors of p?
2, 7
Let u be 4/((-20)/(-3))*5. Suppose 5*p + 8 = u. List the prime factors of 1/(p/(-12) - 0).
2, 3
Let a = 5 - -7. Let s = -7 + a. Suppose s*d - 16 - 4 = 0. List the prime factors of d.
2
Suppose -2*b - a + 4 = 0, -2*b - a + 3*a = 2. Let j(c) = 3*c**3 - 2*c + 1. List the prime factors of j(b).
2
Let o be (19 - 0) + 9 + -10. Suppose 12 = 2*n - o. Suppose 0 = 3*g - n, 0*z = -4*z + 4*g + 48. What are the prime factors of z?
17
Suppose 0 = 9*a - 11*a - 28. What are the prime factors of (-122)/a + (-4)/(-14)?
3
Let k be (2 - 0)*-1 + -1. Let h be -4 - k - (-2 + 0). List the prime factors of 4/((-1)/(-5)*h).
2, 5
Let w be -2*1 - (-12)/(-2). Let b(p) = p**3 + 8*p**2 - 2*p - 8. List the prime factors of b(w).
2
Let o = 199 + -119. Let n = o - 48. What are the prime factors of n?
2
Let t = 27 - -147. List the prime factors of t.
2, 3, 29
Let p be (12/(-14))/(12/(-56)). Let s(l) = 2*l**2 - 5*l + 6. List the prime factors of s(p).
2, 3
Suppose 0 = -3*y + g + 35, -4*y - 3*g + 52 = g. Let t be (-3 + y)*(-2 + 4). Suppose 83 = 4*c - 5*q + t, 0 = -2*c - 4*q + 26. What are the prime factors of c?
3, 5
Suppose 0 = 4*n - 0*n - 56. What are the prime factors of n?
2, 7
Suppose 5*i - s - 30 = 0, s - 15 = -7*i + 3*i. Suppose 3*m = 2*o - m - 200, 0 = -i*m + 20. List the prime factors of o/14 + (-8)/(-28).
2
Let t be (3/6)/(3/6). Suppose 0 = a - 2 - t. Suppose a*g - 51 = -0*g. What are the prime factors of g?
17
List the prime factors of ((-1854)/(-63))/((-3)/(-21)).
2, 103
Let c(d) = 6*d + 16. List the prime factors of c(8).
2
Let f(d) = -d**3 - 4*d**2 - 2*d + 7. Let y = -6 + 1. Let j be f(y). Suppose 5*u + 3*r = 43 - 4, 0 = 4*u - 3*r - j. What are the prime factors of u?
3
Suppose -g - 2*g + 9 = 0. Suppose 3 = -3*s - g. List the prime factors of (1 - 1 - 5)*s.
2, 5
Let v(k) = -6*k + 2. What are the prime factors of v(-4)?
2, 13
Let i(d) = 20*d + 18. List the prime factors of i(5).
2, 59
Let g = -7 + 6. What are the prime factors of (1 - -6) + g + 0?
2, 3
Let n(z) = -z**3 + z**2 + z + 2. Let m be n(0). Suppose -m*o = -3*o + 3. List the prime factors of o.
3
Let a be (-5)/((-22)/(-24) + -1). Suppose -2*o - o - 5*l = -a, -5*l = 2*o - 45. List the prime factors of o.
3, 5
Let g = 2 + 4. Let z(q) = 3*q - 5. Let c be z(5). Suppose 0 = -5*n - s + 26 - g, -c = -5*n + s. List the prime factors of n.
3
Suppose -5240 = -16*z - 1416. List the prime factors of z.
239
Let y(a) = a**3 + a**2 - a. Let n(f) = -2*f**2 - f**3 - 5*f**2 - 3*f**2 - 4*f**3. Let b(s) = -n(s) - 4*y(s). What are the prime factors of b(-5)?
5
Let v(j) = 14*j**3 + j**2 + j - 1. Suppose 0 = y + 4*l - 9, y - 2*y - 2*l + 5 = 0. What are the prime factors of v(y)?
3, 5
Let w(j) = -j**2 + 16*j - 14. List the prime factors of w(11).
41
Let l(i) = -12*i**2 - 3*i - 1. Let v be l(-2). Let d = -26 - v. List the prime factors of d - 1/(-2)*0.
17
Suppose 0 = -8*z + 4*z + 232. List the prime factors of z.
2, 29
Suppose 50 = -2*w + 7*w. List the prime factors of w.
2, 5
Let k(f) = -5*f - 14. List the prime factors of k(-4).
2, 3
What are the prime factors of (-174)/(-9) + (-1)/3?
19
Let c(h) = -7 + 5*h**2 - 3*h + 4*h**2 - 8*h**2. What are the prime factors of c(5)?
3
Suppose -w + 6*w - 3*d - 6 = 0, 4*d + 8 = 2*w. Let i = w - -12. List the prime factors of i.
2, 3
What are the prime factors of 2/(-3) - 329/(-21)?
3, 5
Let j = 2 - 0. Suppose 3*i - d - 1 = j*i, 0 = -i + 2*d. Suppose 0 = -i*x + 4 + 12. List the prime factors of x.
2
Let p = -389 + 594. List the prime factors of p.
5, 41
Suppose -2*r = 3*d - 488 + 176, -606 = -4*r + 3*d. List the prime factors of r.
3, 17
Let o(u) be the first derivative of -u**3/3 + 17*u**2/2 + 11*u - 10. List the prime factors of o(16).
3
Let f(y) = 10*y**3 - 2*y**2 + 1. Let c be f(-1). Let h be c/(-3) - 2/3. Suppose 16 = h*o - o. What are the prime factors of o?
2
Let z(i) = i**2 + 2*i + 8. Suppose 8*k - 20 = 3*k. What are the prime factors of z(k)?
2
Let w be 1/(-6) + (-62)/(-12). Let l(a) = a**3 - 5*a**2 + 2. Let g be l(w). Suppose -u - g*u + 21 = 0. What are the prime factors of u?
7
Let x = 47 - 2. List the prime factors of x.
3, 5
Let j = -25 + 9. Let q be 2/(-5) - j/(-10). Let r = q - -8. What are the prime factors of r?
2, 3
Suppose -5*n + 23 = 3. Suppose 0 = -n*w - 9 - 7. List the prime factors of (2/w)/(-1)*6.
3
Let s be 9/(1/2*-2). Let x = 5 - s. What are the prime factors of x?
2, 7
Suppose 2 + 24 = -n. Let o be 2*36/(0 - -2). Let m = n + o. List the prime factors of m.
2, 5
Suppose 5*n - 255 = -5*h, 0 = n - 6*n - 20. Let k = h - 23. Let x = k - 15. List the prime factors of x.
17
Let g(p) = p - 9. Let u be g(7). Let s = 0 - u. List the prime factors of 1 + s + 4 + 2.
3
Let p(z) = 3*z**2 - 5*z + 21. List the prime factors of p(6).
3, 11
Suppose -5*q + 20 = -5. Suppose q*c - 43 = -18. List the prime factors of c.
5
Let v = 18 - -16. What are the prime factors of v?
2, 17
Suppose 2*b = b + 6. Let k(v) = -v**2 + 4*v - 6. Let x be k(b). Let u = x + 29. List the prime factors of u.
11
Suppose 4*c - 248 - 4 = 0. Suppose -c = -2*t - t. Let h = 30 - t. What are the prime factors of h?
3
List the prime factors of 187/9 + (-4)/(-18).
3, 7
Let v = -64 + 29. Let z = v + 58. What are the prime factors of z?
23
Let g = 18 - -146. Suppose -d = 5*w - 105 - 100, -4*w + 2*d + g = 0. Suppose 1 + 0 = l - 4*p, -2*p = -5*l + w. List the prime factors of l.
3
List the prime factors of (-4)/1 - -1*164.
2, 5
Let f(j) = -j**2 + j - 1. Let c(a) = 4*a**2 + a + 1. Let q(v) = -c(v) - 5*f(v). Let b be q(5). Let k = b + 11. What are the prime factors of k?
2, 5
Let u = -105 + 257. List the prime factors of u.
2, 19
Suppose 3*w - 4*h - 23 = 0, w + h = -3*w - 1. What are the prime factors of (12 - (1 - 2))*w?
13
Suppose -2 - 3 = -5*l. List the prime factors of 112/35 + l/(-5).
3
Suppose -3 = 2*o + o. Let m(g) = 2 - 1 - 2*g**3 + 0*g**3. List the prime factors of m(o).
3
Let b = -6 - -7. Suppose -3*s - 10 = w - 39, -3*s + b = -w. List the prime factors of w.
2, 7
Suppose -3*g + 0*g = -4*s + 11, -5*s = 4*g - 37. Let j(n) = n**3 - 7*n**2 + 5*n + 7. Let h be j(6). Suppose -h = p - g. What are the prime factors of p?
2
Let s be (-117)/(-3) - -1 - 0. Suppose h + s = 3*h. List the prime factors of h.
2, 5
Suppose 2*o + 13 = 135. List the prime factors of o.
61
Let a(p) = -p**3 - 12*p**2 - 11*p - 4. Let v be a(-11). Let f(w) = 3*w**2 + 3*w. List the prime factors of f(v).
2, 3
Let w be 6*(-1 + 33/9). Suppose -3*i + w = i. List the prime factors of (i - (-1 - -1))*2.
2
Let d be (-8)/4 - -2*2. Suppose -5*s - 4*f + 40 = -s, -2*f = -d. What are the prime factors of s?
3
Suppose 0 = -3*l + 3*w + 156, l + l + 2*w - 108 = 0. List the prime factors of l.
53
Let p(j) = 19*j**2 - 1. What are the prime factors of p(-1)?
2, 3
List the prime factors of (-165)/(-5)*4/6.
2, 11
Let i = 20 - 12. Let v(t) = t**2 - 7*t + 10. Let o be v(i). Suppose 4*c + m = -m + o, 4*c = -m + 17. What are the prime factors of c?
2
Suppose 5*t = 3*u - 2 + 12, 3*u + 4*t = -46. Let i = u + 67. What are the prime factors of i?
3, 19
Let j be (-1)/(-4) + 1326/8. Suppose c + j = 3*t + 33, 4*t - 174 = -2*c. Suppose 0 = 5*r - 11 - t. What are the prime factors of r?
11
Let j(m) = m**2. Let y be j(0). Suppose y = 3*t - 7*t + 56. List the prime factors of t.
2, 7
Suppose 2*q + 0*q - 658 = t, -4*q + 4*t = -1316. List the prime factors of q.
7, 47
Let m(o) = 14*o**2 + 26*o + 38. Let b(a) = 5*a**2 + 9*a + 13. Let w(p) = -11*b(p) + 4*m(p). What are the prime factors of w(-6)?
3, 5
Suppose 2*v - 5*u - 34 = 0, u = -3*u. What are the prime factors of v?
17
Suppose -4*p + 12 + 44 = 2*n, -37 = -3*p + n. Let r = p + -9. What are the prime factors of r?
2
Suppose -k + 4*l = -27, 15 = 2*k + l - 3. What are the 